 divided by 61178?
96
Calculate the remainder when 51640 is divided by 25682.
276
What is the remainder when 55102569 is divided by 27?
24
Calculate the remainder when 4723 is divided by 744.
259
Calculate the remainder when 16734781 is divided by 663.
661
What is the remainder when 208998 is divided by 6405?
4038
What is the remainder when 379993 is divided by 4174?
159
Calculate the remainder when 2688703 is divided by 1919.
184
What is the remainder when 545268 is divided by 638?
416
What is the remainder when 55651919 is divided by 835?
4
Calculate the remainder when 38399912 is divided by 826.
824
Calculate the remainder when 19903 is divided by 2797.
324
What is the remainder when 243852 is divided by 1999?
1973
Calculate the remainder when 523443 is divided by 243.
21
Calculate the remainder when 297235 is divided by 49440.
595
What is the remainder when 19158384 is divided by 61?
53
Calculate the remainder when 2009835 is divided by 182704.
91
What is the remainder when 36386 is divided by 24?
2
Calculate the remainder when 656794 is divided by 1642.
1636
What is the remainder when 595067 is divided by 417?
8
Calculate the remainder when 729228 is divided by 364610.
8
What is the remainder when 2051509607 is divided by 723?
722
Calculate the remainder when 15588426 is divided by 605.
601
What is the remainder when 39788 is divided by 599?
254
Calculate the remainder when 423677 is divided by 30261.
23
What is the remainder when 291423 is divided by 4163?
13
What is the remainder when 62594 is divided by 928?
418
Calculate the remainder when 4180814 is divided by 4789.
17
Calculate the remainder when 9664611 is divided by 789.
150
What is the remainder when 5552050 is divided by 2775944?
162
Calculate the remainder when 448360406 is divided by 202.
196
What is the remainder when 71618 is divided by 81?
14
Calculate the remainder when 311129 is divided by 776.
729
Calculate the remainder when 10261497 is divided by 1416.
1161
What is the remainder when 1017050 is divided by 20756?
6
Calculate the remainder when 551458149 is divided by 9.
6
What is the remainder when 3855298 is divided by 273?
265
What is the remainder when 322424 is divided by 171?
89
What is the remainder when 32150029 is divided by 5358334?
25
What is the remainder when 40160201 is divided by 3?
2
What is the remainder when 2549617 is divided by 1031?
985
What is the remainder when 6324513 is divided by 5514?
5469
Calculate the remainder when 4257773 is divided by 1408.
1389
Calculate the remainder when 1043184 is divided by 5960.
184
What is the remainder when 7607246 is divided by 400?
46
What is the remainder when 248602104 is divided by 5371?
5369
Calculate the remainder when 565858357 is divided by 137.
133
Calculate the remainder when 176337401 is divided by 6656.
6649
Calculate the remainder when 269743 is divided by 1154.
861
What is the remainder when 37313 is divided by 6102?
701
Calculate the remainder when 15433 is divided by 3078.
43
What is the remainder when 85200 is divided by 2693?
1717
Calculate the remainder when 277549 is divided by 135.
124
Calculate the remainder when 25722077 is divided by 80.
77
Calculate the remainder when 309012597 is divided by 218.
213
What is the remainder when 456564 is divided by 10866?
192
Calculate the remainder when 2479843 is divided by 1514.
1425
Calculate the remainder when 72451 is divided by 18106.
27
What is the remainder when 4732460 is divided by 2365728?
1004
Calculate the remainder when 34929986 is divided by 17464992.
2
What is the remainder when 133966240 is divided by 3139?
3137
What is the remainder when 54730225 is divided by 9121697?
43
What is the remainder when 240985 is divided by 21?
10
What is the remainder when 268486 is divided by 22320?
646
What is the remainder when 463616191 is divided by 35?
31
Calculate the remainder when 18308069 is divided by 4576976.
165
Calculate the remainder when 1616331 is divided by 7.
3
What is the remainder when 429694 is divided by 260?
174
What is the remainder when 3169114 is divided by 1748?
1738
Calculate the remainder when 9699690 is divided by 784.
42
Calculate the remainder when 1998339 is divided by 166528.
3
Calculate the remainder when 823588283 is divided by 93.
92
Calculate the remainder when 301678 is divided by 93.
79
Calculate the remainder when 4959277 is divided by 1448.
1325
What is the remainder when 75329874 is divided by 1793568?
18
Calculate the remainder when 19650625 is divided by 209049.
19
Calculate the remainder when 22058885 is divided by 767.
732
Calculate the remainder when 349449 is divided by 2314.
35
What is the remainder when 962690 is divided by 2275?
365
What is the remainder when 10279965 is divided by 446955?
0
What is the remainder when 612231133 is divided by 44?
41
What is the remainder when 135743 is divided by 3235?
3108
What is the remainder when 3324868 is divided by 8750?
8618
Calculate the remainder when 2838559 is divided by 3841.
60
Calculate the remainder when 4131128 is divided by 459011.
29
What is the remainder when 11954647 is divided by 2123?
34
What is the remainder when 410174 is divided by 242?
226
Calculate the remainder when 21603700 is divided by 248318.
34
Calculate the remainder when 1340871 is divided by 148981.
42
Calculate the remainder when 25483 is divided by 12169.
1145
Calculate the remainder when 94659659 is divided by 90.
89
What is the remainder when 2125000 is divided by 98?
66
Calculate the remainder when 3262739 is divided by 2.
1
Calculate the remainder when 60066 is divided by 57.
45
Calculate the remainder when 31252 is divided by 9738.
2038
Calculate the remainder when 22078 is divided by 4875.
2578
Calculate the remainder when 30698 is divided by 12043.
6612
What is the remainder when 1598809 is divided by 1027?
797
What is the remainder when 14096377 is divided by 3524094?
1
Calculate the remainder when 286766 is divided by 71645.
186
Calculate the remainder when 5213924 is divided by 21456.
116
What is the remainder when 537957 is divided by 537947?
10
What is the remainder when 666173598 is divided by 5996?
10
What is the remainder when 2392094 is divided by 2244?
2234
What is the remainder when 3204200 is divided by 415?
400
What is the remainder when 2784700 is divided by 6710?
50
What is the remainder when 1507630 is divided by 502508?
106
What is the remainder when 128024 is divided by 783?
395
Calculate the remainder when 1031918 is divided by 65.
43
What is the remainder when 241698162 is divided by 4833963?
12
Calculate the remainder when 754416 is divided by 376426.
1564
What is the remainder when 69572578 is divided by 242?
240
What is the remainder when 58066 is divided by 638?
8
What is the remainder when 7578166 is divided by 13679?
0
What is the remainder when 1964874 is divided by 4863?
222
Calculate the remainder when 457964 is divided by 9165.
8879
Calculate the remainder when 4706960 is divided by 7592.
7512
Calculate the remainder when 630617 is divided by 33.
20
Calculate the remainder when 478545 is divided by 1270.
1025
Calculate the remainder when 30389664 is divided by 127.
88
What is the remainder when 720864353 is divided by 4860?
4853
Calculate the remainder when 6781431 is divided by 531.
30
Calculate the remainder when 401167 is divided by 4583.
2446
What is the remainder when 2650919 is divided by 60248?
7
What is the remainder when 2005727 is divided by 507?
35
What is the remainder when 93283304 is divided by 3886804?
8
Calculate the remainder when 188002 is divided by 7495.
627
Calculate the remainder when 8116464 is divided by 40.
24
Calculate the remainder when 646201 is divided by 8539.
5776
What is the remainder when 5402874 is divided by 46576?
58
Calculate the remainder when 376180 is divided by 11739.
532
Calculate the remainder when 185314 is divided by 1041.
16
Calculate the remainder when 21863731 is divided by 2732962.
35
Calculate the remainder when 140945 is divided by 227.
205
Calculate the remainder when 645392 is divided by 645371.
21
What is the remainder when 38563 is divided by 9544?
387
What is the remainder when 91899 is divided by 91692?
207
Calculate the remainder when 1034132 is divided by 206822.
22
What is the remainder